{"id":1298,"date":"2019-02-24T21:20:29","date_gmt":"2019-02-24T20:20:29","guid":{"rendered":"https:\/\/galeriedeparis.fr\/afcc\/?page_id=1298"},"modified":"2023-02-23T11:45:12","modified_gmt":"2023-02-23T10:45:12","slug":"afcc-sur-youtube-et-vimeo","status":"publish","type":"page","link":"https:\/\/galeriedeparis.fr\/afcc\/?page_id=1298","title":{"rendered":"AFCC sur Youtube, Vimeo et t\u00e9l\u00e9visions"},"content":{"rendered":"<p>R\u00e9portage sur le Festival International de peinture en 2020 lors de la Pandemie<\/p>\n<p><iframe loading=\"lazy\" title=\"4-th International plein air painting festival in Paris \u00ab\u00a0In the cradle of Impressionism\u00a0\u00bb 2020\" width=\"640\" height=\"360\" src=\"https:\/\/www.youtube.com\/embed\/o31rrqVgmEI?feature=oembed\" frameborder=\"0\" allow=\"accelerometer; autoplay; clipboard-write; encrypted-media; gyroscope; picture-in-picture; web-share\" allowfullscreen><\/iframe><\/p>\n<p>Une Vid\u00e9o sur la r\u00e9sidence artistique Aux Andelys\u00a0 en 2020<\/p>\n<p><iframe loading=\"lazy\" title=\"R\u00e9sidence Artistique Aux Andelys 2020\" width=\"640\" height=\"360\" src=\"https:\/\/www.youtube.com\/embed\/E_1_WLxYJGY?start=112&#038;feature=oembed\" frameborder=\"0\" allow=\"accelerometer; autoplay; clipboard-write; encrypted-media; gyroscope; picture-in-picture; web-share\" allowfullscreen><\/iframe><\/p>\n<p><a href=\"https:\/\/france3-regions.francetvinfo.fr\/normandie\/eure\/normandie-impressionniste-concours-international-peinture-plein-air-eure-1027375.html\" target=\"_blank\" rel=\"noopener\">R\u00e9portage de la chaine de la\u00a0 t\u00e9l\u00e9vision fran\u00e7aise \u00a0\u00bb France 3 Normandie\u00a0\u00bb sur le 4 eme Concours de peinture en plein air en Normandie Impressionniste<img loading=\"lazy\" class=\"alignnone size-large wp-image-1451\" src=\"https:\/\/galeriedeparis.fr\/afcc\/wp-content\/uploads\/2019\/03\/capture-France-3-2016-1024x522.jpg\" alt=\"\" width=\"640\" height=\"326\" srcset=\"https:\/\/galeriedeparis.fr\/afcc\/wp-content\/uploads\/2019\/03\/capture-France-3-2016-1024x522.jpg 1024w, https:\/\/galeriedeparis.fr\/afcc\/wp-content\/uploads\/2019\/03\/capture-France-3-2016-300x153.jpg 300w, https:\/\/galeriedeparis.fr\/afcc\/wp-content\/uploads\/2019\/03\/capture-France-3-2016-768x392.jpg 768w, https:\/\/galeriedeparis.fr\/afcc\/wp-content\/uploads\/2019\/03\/capture-France-3-2016.jpg 1218w\" sizes=\"(max-width: 640px) 100vw, 640px\" \/><\/a><\/p>\n<p>Ici le film de Philippe San au sujet du 4eme Concours de peinture sur grand format en plein air sur le th\u00e8me de \u00ab\u00a0Portrait\u00a0\u00bb, en lien avec la Normandie Impressionniste 2016<a href=\"https:\/\/vimeo.com\/215261595\" target=\"_blank\" rel=\"noopener\">\u00a0\u00a0\u00a0 https:\/\/vimeo.com\/215261595\u00a0<\/a><a href=\"https:\/\/vimeo.com\/215261595\" target=\"_blank\" rel=\"noopener\"><img loading=\"lazy\" class=\"alignnone size-large wp-image-1449\" src=\"https:\/\/galeriedeparis.fr\/afcc\/wp-content\/uploads\/2019\/03\/AFCC-icone-film-Philippe--1024x514.jpg\" alt=\"\" width=\"640\" height=\"321\" srcset=\"https:\/\/galeriedeparis.fr\/afcc\/wp-content\/uploads\/2019\/03\/AFCC-icone-film-Philippe--1024x514.jpg 1024w, https:\/\/galeriedeparis.fr\/afcc\/wp-content\/uploads\/2019\/03\/AFCC-icone-film-Philippe--300x151.jpg 300w, https:\/\/galeriedeparis.fr\/afcc\/wp-content\/uploads\/2019\/03\/AFCC-icone-film-Philippe--768x385.jpg 768w, https:\/\/galeriedeparis.fr\/afcc\/wp-content\/uploads\/2019\/03\/AFCC-icone-film-Philippe-.jpg 1140w\" sizes=\"(max-width: 640px) 100vw, 640px\" \/><\/a><\/p>\n<p>&nbsp;<\/p>\n<p>Le film de R\u00e9gis Pr\u00e9vot sur le plein air des 75 enfants russes \u00e0 Paris et en Normandie avec Anna Filimonova et Anatoly Lubavine, recteur de l&rsquo;Institut V.Sourikov de Moscou :<\/p>\n<p><iframe loading=\"lazy\" title=\"Artistes russes - Regis Prevot\" width=\"640\" height=\"360\" src=\"https:\/\/www.youtube.com\/embed\/uuJi-n0N-_M?start=1302&#038;feature=oembed\" frameborder=\"0\" allow=\"accelerometer; autoplay; clipboard-write; encrypted-media; gyroscope; picture-in-picture; web-share\" allowfullscreen><\/iframe><\/p>\n<p>&nbsp;<\/p>\n<p>Le film sur la d\u00e9l\u00e9gation d&rsquo;Alumni\u00a0 ( ancien \u00e9l\u00e8ves)\u00a0 de l\u2019Institut Ilya R\u00e9pine au \u00ab\u00a0Salon d&rsquo;Automne\u00a0\u00bb \u00e0 Paris sur les \u00ab\u00a0Champs Elys\u00e9es\u00a0\u00bb en 2016 :<\/p>\n<p><iframe loading=\"lazy\" title=\"La d\u00e9l\u00e9gation russe au Salon d&#039;Automne Paris 2017\" width=\"640\" height=\"360\" src=\"https:\/\/www.youtube.com\/embed\/Qe-mF5kon0E?start=83&#038;feature=oembed\" frameborder=\"0\" allow=\"accelerometer; autoplay; clipboard-write; encrypted-media; gyroscope; picture-in-picture; web-share\" allowfullscreen><\/iframe><\/p>\n<p>&nbsp;<\/p>\n<p>Vid\u00e9o\u00a0 de l&rsquo;interview de Marie-Sol de la Tour d&rsquo;Auvergne\u00a0 au sujet du\u00a0 Jardin cr\u00e9e par Anna Filimonova au Moscow Flower Show sur l&rsquo;inspiration du Jardin St Fran\u00e7ois d&rsquo;Assise au ch\u00e2teau d&rsquo;Ainay-le-Vieil,\u00a0 r\u00e9gion Centre France<\/p>\n<p><iframe loading=\"lazy\" title=\"Jardin d&#039;Ainay-Le-Vieil \u00e0 MOSCOU FLOWER SHOW 2018\" width=\"640\" height=\"360\" src=\"https:\/\/www.youtube.com\/embed\/qhSiBPYmBEo?start=17&#038;feature=oembed\" frameborder=\"0\" allow=\"accelerometer; autoplay; clipboard-write; encrypted-media; gyroscope; picture-in-picture; web-share\" allowfullscreen><\/iframe><\/p>\n<p>petit vid\u00e9o r\u00e9alis\u00e9 par Liza Masson sur le 3\u00e8me <a href=\"https:\/\/fr.wikipedia.org\/wiki\/Concours_international_de_peinture_grand_format_en_Normandie\" target=\"_blank\" rel=\"noopener\">Concours International de peinture sur grand format en plein air \u00e0 Fourges en 2015<\/a><\/p>\n<p><iframe loading=\"lazy\" title=\"3e\u0300me concours de Fourges\" width=\"640\" height=\"360\" src=\"https:\/\/www.youtube.com\/embed\/jtp_p753WCE?feature=oembed\" frameborder=\"0\" allow=\"accelerometer; autoplay; clipboard-write; encrypted-media; gyroscope; picture-in-picture; web-share\" allowfullscreen><\/iframe><\/p>\n<p>Film sur l&rsquo;artiste Kojiro Akagi dont notre association s&rsquo;occupe r\u00e9guli\u00e8rement de la promotion<\/p>\n<p><iframe loading=\"lazy\" title=\"Akagi 2017\" width=\"640\" height=\"360\" src=\"https:\/\/www.youtube.com\/embed\/sjSI4DLGTqc?feature=oembed\" frameborder=\"0\" allow=\"accelerometer; autoplay; clipboard-write; encrypted-media; gyroscope; picture-in-picture; web-share\" allowfullscreen><\/iframe><\/p>\n<p>&nbsp;<\/p>\n<p><iframe loading=\"lazy\" title=\"Art Camp Fourges 2012\" src=\"https:\/\/player.vimeo.com\/video\/75654318?h=e7035d867c&amp;dnt=1&amp;app_id=122963\" width=\"640\" height=\"360\" frameborder=\"0\" allow=\"autoplay; fullscreen; picture-in-picture\" allowfullscreen><\/iframe><\/p>\n<p><iframe loading=\"lazy\" title=\"Souvenirs du 2\u00e8me concours de Fourges\" width=\"640\" height=\"360\" src=\"https:\/\/www.youtube.com\/embed\/m_4H8CUvBy4?feature=oembed\" frameborder=\"0\" allow=\"accelerometer; autoplay; clipboard-write; encrypted-media; gyroscope; picture-in-picture; web-share\" allowfullscreen><\/iframe><\/p>\n","protected":false},"excerpt":{"rendered":"<p>R\u00e9portage sur le Festival International de peinture en 2020 lors de la Pandemie Une Vid\u00e9o sur la r\u00e9sidence artistique Aux Andelys\u00a0 en 2020 R\u00e9portage de la chaine de la\u00a0 t\u00e9l\u00e9vision fran\u00e7aise \u00a0\u00bb France 3 Normandie\u00a0\u00bb sur le 4 eme Concours &hellip; <a href=\"https:\/\/galeriedeparis.fr\/afcc\/?page_id=1298\">Continuer la lecture <span class=\"meta-nav\">&rarr;<\/span><\/a><\/p>\n","protected":false},"author":1,"featured_media":0,"parent":0,"menu_order":0,"comment_status":"closed","ping_status":"closed","template":"","meta":[],"_links":{"self":[{"href":"https:\/\/galeriedeparis.fr\/afcc\/index.php?rest_route=\/wp\/v2\/pages\/1298"}],"collection":[{"href":"https:\/\/galeriedeparis.fr\/afcc\/index.php?rest_route=\/wp\/v2\/pages"}],"about":[{"href":"https:\/\/galeriedeparis.fr\/afcc\/index.php?rest_route=\/wp\/v2\/types\/page"}],"author":[{"embeddable":true,"href":"https:\/\/galeriedeparis.fr\/afcc\/index.php?rest_route=\/wp\/v2\/users\/1"}],"replies":[{"embeddable":true,"href":"https:\/\/galeriedeparis.fr\/afcc\/index.php?rest_route=%2Fwp%2Fv2%2Fcomments&post=1298"}],"version-history":[{"count":21,"href":"https:\/\/galeriedeparis.fr\/afcc\/index.php?rest_route=\/wp\/v2\/pages\/1298\/revisions"}],"predecessor-version":[{"id":2837,"href":"https:\/\/galeriedeparis.fr\/afcc\/index.php?rest_route=\/wp\/v2\/pages\/1298\/revisions\/2837"}],"wp:attachment":[{"href":"https:\/\/galeriedeparis.fr\/afcc\/index.php?rest_route=%2Fwp%2Fv2%2Fmedia&parent=1298"}],"curies":[{"name":"wp","href":"https:\/\/api.w.org\/{rel}","templated":true}]}}