{"id":193,"date":"2015-05-24T19:36:31","date_gmt":"2015-05-24T18:36:31","guid":{"rendered":"http:\/\/galeriedeparis.fr\/afcc\/?page_id=193"},"modified":"2020-05-10T19:51:19","modified_gmt":"2020-05-10T18:51:19","slug":"pour-nous-contacter","status":"publish","type":"page","link":"https:\/\/galeriedeparis.fr\/afcc\/?page_id=193","title":{"rendered":"Pour nous contacter"},"content":{"rendered":"<h1>Pour nous envoyer un message au si\u00e8ge :<\/h1>\n<p><a title=\"From filimonova.com\" href=\"mailto:infos.filimonova@gmail.com\" target=\"_blank\" rel=\"noopener\">infos.filimonova@gmail.com<\/a><\/p>\n<h1>Pour contacter la pr\u00e9sidente : Anna Filimonova<\/h1>\n<p>T\u00e9l. : 06 61 91 23 98 (ou +33 6 61 91 23 98)\u00a0 <a href=\"mailto:afcc.anna@gmail.com\" target=\"_blank\" rel=\"noopener\">afcc.anna@gmail.com<\/a><\/p>\n<h1><\/h1>\n<h1>Adresse :<\/h1>\n<p>Correspondance : C\/O Anna Filimonova &#8211; 1<br \/>\n0 boulevard des Batignolles, 75017 Paris, France<\/p>\n<p>Atelier :\u00a05 rue du Commerce, 27630 Fourges, France<\/p>\n<p>Retrouvez nous sur facebook<\/p>\n<p><a href=\"https:\/\/www.facebook.com\/FestivalCulturesCroisees\/\" target=\"_blank\" rel=\"noopener\">https:\/\/www.facebook.com\/FestivalCulturesCroisees\/<\/a><\/p>\n<p>&nbsp;<\/p>\n<p>&nbsp;<\/p>\n<p>&nbsp;<\/p>\n","protected":false},"excerpt":{"rendered":"<p>Pour nous envoyer un message au si\u00e8ge : infos.filimonova@gmail.com Pour contacter la pr\u00e9sidente : Anna Filimonova T\u00e9l. : 06 61 91 23 98 (ou +33 6 61 91 23 98)\u00a0 afcc.anna@gmail.com Adresse : Correspondance : C\/O Anna Filimonova &#8211; 1 &hellip; <a href=\"https:\/\/galeriedeparis.fr\/afcc\/?page_id=193\">Continuer la lecture <span class=\"meta-nav\">&rarr;<\/span><\/a><\/p>\n","protected":false},"author":1,"featured_media":0,"parent":0,"menu_order":0,"comment_status":"closed","ping_status":"open","template":"","meta":[],"_links":{"self":[{"href":"https:\/\/galeriedeparis.fr\/afcc\/index.php?rest_route=\/wp\/v2\/pages\/193"}],"collection":[{"href":"https:\/\/galeriedeparis.fr\/afcc\/index.php?rest_route=\/wp\/v2\/pages"}],"about":[{"href":"https:\/\/galeriedeparis.fr\/afcc\/index.php?rest_route=\/wp\/v2\/types\/page"}],"author":[{"embeddable":true,"href":"https:\/\/galeriedeparis.fr\/afcc\/index.php?rest_route=\/wp\/v2\/users\/1"}],"replies":[{"embeddable":true,"href":"https:\/\/galeriedeparis.fr\/afcc\/index.php?rest_route=%2Fwp%2Fv2%2Fcomments&post=193"}],"version-history":[{"count":15,"href":"https:\/\/galeriedeparis.fr\/afcc\/index.php?rest_route=\/wp\/v2\/pages\/193\/revisions"}],"predecessor-version":[{"id":2265,"href":"https:\/\/galeriedeparis.fr\/afcc\/index.php?rest_route=\/wp\/v2\/pages\/193\/revisions\/2265"}],"wp:attachment":[{"href":"https:\/\/galeriedeparis.fr\/afcc\/index.php?rest_route=%2Fwp%2Fv2%2Fmedia&parent=193"}],"curies":[{"name":"wp","href":"https:\/\/api.w.org\/{rel}","templated":true}]}}