{"id":477,"date":"2016-12-03T17:03:37","date_gmt":"2016-12-03T16:03:37","guid":{"rendered":"http:\/\/galeriedeparis.fr\/afcc\/?page_id=477"},"modified":"2016-12-03T17:12:35","modified_gmt":"2016-12-03T16:12:35","slug":"en-savoir-plus","status":"publish","type":"page","link":"https:\/\/galeriedeparis.fr\/afcc\/?page_id=477","title":{"rendered":"En savoir plus :"},"content":{"rendered":"<h3 style=\"text-align: center;\"><span style=\"color: #800080;\"><strong>I-GALLERY &#8211; 12, rue Durantin 75018 Paris<br \/>\npr\u00e9sente\u00a0<\/strong><\/span><\/h3>\n<h1 style=\"text-align: center;\"><span style=\"color: #800080;\"><strong>Anna Filimonova<\/strong><\/span><\/h1>\n<h1 style=\"text-align: center;\"><strong><span style=\"color: #ff0000;\"><em>\u00ab La Normandie : mon atelier<br \/>\nde peinture\u00a0en plein air \u00bb<\/em><\/span><\/strong><\/h1>\n<p><strong>Anna Filimonova<\/strong> pr\u00e9sente Fourges, ses paysages et le Concours\u00a0International de peinture en plein air sur grand format en Normandie.<\/p>\n<p>Pour sa traditionnelle exposition annuelle \u00e0 l&rsquo;I-Gallery, \u00e0 Montmartre,\u00a0Anna Filimonova vous invite \u00e0 d\u00e9couvrir ses peintures r\u00e9centes r\u00e9alis\u00e9es en Corse,\u00a0sur le C\u00f4te d\u2019Opale et dans la vall\u00e9e de la Loire et bien sur en Normandie,\u00a0ainsi qu&rsquo;une s\u00e9lection d&rsquo;\u0153uvres des laur\u00e9ats des 4 premi\u00e8res \u00e9ditions\u00a0du Concours international de Fourges.<\/p>\n<p><strong>En 2011,<\/strong> Anna Filimonova originaire de Saint-P\u00e9tersbourg et parisienne depuis plus<br \/>\nde 20 ans, tombe sous le charme d&rsquo;un moulin du XVIIe au bord de l\u2019Epte, \u00e0 Fourges,<br \/>\nen Normandie. Profond\u00e9ment citadine depuis son enfance, l\u2019artiste est pourtant s\u00e9duite<br \/>\npar ce village paisible, nich\u00e9 entre les collines du Vexin Normand et sa rivi\u00e8re limpide,<br \/>\nfronti\u00e8re naturelle avec l\u2019Ile-de-France.<\/p>\n<h2><span style=\"color: #333399;\"><strong>Nouvelle source d&rsquo;inspiration<\/strong><\/span><\/h2>\n<p>Cette d\u00e9couverte devient pour elle une source d\u2019inspiration nouvelle au point que le<br \/>\nvillage de Fourges devient son port d\u2019attache, un lieu o\u00f9 se r\u00e9v\u00e8le son amour pour<br \/>\nla nature, ses arbres et ses fleurs. Elle s&rsquo;y installe, cr\u00e9e un atelier et expose ses oeuvres.<br \/>\nMais l&rsquo;essentiel de sa peinture est r\u00e9alis\u00e9e en ext\u00e9rieur : Ch\u00e2teau Gaillard,<br \/>\nMoulin de Fourges, Jardins de Giverny,\u2026 \u00a0Chacun de ces sites constitue un v\u00e9ritable<br \/>\natelier en plein air, \u00e0 l&rsquo;image des impressionnistes de Normandie.<\/p>\n<p>Tout en restant parisienne, elle consacre beaucoup de temps \u00e0 la Normandie o\u00f9 elle<br \/>\nse sent en harmonie avec ce nouvel environnement. Son approche picturale s&rsquo;affine<br \/>\net ses cr\u00e9ations \u00e9voluent : elle all\u00e8ge sa palette de couleurs, joue avec plus d&rsquo;intensit\u00e9<br \/>\nsur les contrastes, les lumi\u00e8res du jour,\u2026<\/p>\n<h2><span style=\"color: #333399;\"><strong>L&rsquo;originalit\u00e9 du concours : le grand format<\/strong><\/span><\/h2>\n<p><strong>En 2013,<\/strong> sur une belle id\u00e9e de Denis Regnier, Maire de Fourges, aujourd\u2019hui disparu, Anna rel\u00e8ve un d\u00e9fi original : cr\u00e9er un Concours de peinture en plein air sur grand format .<br \/>\nMalgr\u00e9 les r\u00e9serves des professionnels et les appr\u00e9hensions des amateurs, elle se lance avec enthousiasme dans ce projet ambitieux : accueillir des artistes venant d&rsquo;horizons lointains &#8211; russes, am\u00e9ricains, chinois,\u2026- et les faire travailler durant 3 jours avec des artistes fran\u00e7ais, surtout normands. Ces adeptes de peinture en plein air ont tous travaill\u00e9 sur le m\u00eame format impos\u00e9, r\u00e9solument grand : 100&#215;80 cm.<\/p>\n<p>Depuis la cr\u00e9ation du festival, <strong>4 \u00e9ditions se sont \u00e9coul\u00e9es<\/strong>, r\u00e9unissant 255 artistes de 12 pays et remportant chacun un r\u00e9el succ\u00e8s public.<\/p>\n<p><strong>En 2015 et 2016,<\/strong> l\u2019Unesco a d\u00e9cern\u00e9 \u00e0 l&rsquo;\u00e9v\u00e8nement son prestigieux label et le Festival triennal la \u00ab\u00a0Normandie Impressionniste\u00a0\u00bb l&rsquo;a inscrit, en 2013 et 2016, dans son programme.<\/p>\n<p>Cet \u00e9v\u00e9nement, cher au c\u0153ur des artistes et des habitants, continue de faire rayonner le village de Fourges bien au-del\u00e0 de ses fronti\u00e8res. Ainsi, le r\u00eave de Denis Regnier de faire conna\u00eetre sa commune aux quatre coins du monde est devenu r\u00e9alit\u00e9.<\/p>\n<div id=\"attachment_483\" style=\"width: 1290px\" class=\"wp-caption aligncenter\"><a href=\"http:\/\/galeriedeparis.fr\/afcc\/wp-content\/uploads\/2016\/12\/2016-laudemarliave-IMG_0611.jpeg\"><img aria-describedby=\"caption-attachment-483\" loading=\"lazy\" class=\"wp-image-483 size-full\" src=\"http:\/\/galeriedeparis.fr\/afcc\/wp-content\/uploads\/2016\/12\/2016-laudemarliave-IMG_0611.jpeg\" alt=\"\u00a9 Laurence de Marliave\" width=\"1280\" height=\"950\" srcset=\"https:\/\/galeriedeparis.fr\/afcc\/wp-content\/uploads\/2016\/12\/2016-laudemarliave-IMG_0611.jpeg 1280w, https:\/\/galeriedeparis.fr\/afcc\/wp-content\/uploads\/2016\/12\/2016-laudemarliave-IMG_0611-300x223.jpeg 300w, https:\/\/galeriedeparis.fr\/afcc\/wp-content\/uploads\/2016\/12\/2016-laudemarliave-IMG_0611-768x570.jpeg 768w, https:\/\/galeriedeparis.fr\/afcc\/wp-content\/uploads\/2016\/12\/2016-laudemarliave-IMG_0611-1024x760.jpeg 1024w\" sizes=\"(max-width: 1280px) 100vw, 1280px\" \/><\/a><p id=\"caption-attachment-483\" class=\"wp-caption-text\">\u00a9 Laurence de Marliave<\/p><\/div>\n<h2><span style=\"color: #333399;\"><strong>Donner une nouvelle dimension \u00e0 l&rsquo;\u00e9v\u00e8nement<\/strong><\/span><\/h2>\n<p>Aujourd&rsquo;hui, gr\u00e2ce aux efforts d&rsquo;Anna et des membres de son \u00e9quipe, tous b\u00e9n\u00e9voles, le concours a trouv\u00e9 son rythme de croisi\u00e8re et est devenu un rendez-vous incontournable de la vie culturelle dans le Vexin Normand.<br \/>\nToutefois, il a atteint sa taille critique, en terme d&rsquo;infrastructures pour le village de Fourges. Aussi, Anna Filimonova a d\u00e9cid\u00e9, pour 2017, de lui donner une nouvelle dimension en ouvrant l&rsquo;\u00e9v\u00e9nement \u00e0 d&rsquo;autres communes normandes souhaitant accueillir des peintres de tous horizons et y associer leur nom.<\/p>\n<p><strong>Dates :<\/strong><br \/>\nL\u2019exposition sera ouverte du 14 d\u00e9cembre au 8 janvier 2017, de 16h \u00e0 19h, du mardi au samedi. Ferm\u00e9e le 25 d\u00e9cembre et le 1er janvier.<br \/>\nPour rencontrer Anna Filimonova, t\u00e9l. 06 61 91 23 98, rendez-vous le 15 d\u00e9cembre au vernissage et le 6 janvier autour de la Galette des rois.<\/p>\n<p><strong>Les modalit\u00e9s de la nouvelle \u00e9dition 2017 seront pr\u00e9sent\u00e9es lors vernissage \u00e0 l&rsquo;I-Gallery, le 15 d\u00e9cembre 2016. Vous pouvez \u00e9galement renseigner le formulaire en ligne afin de recevoir les derni\u00e8res informations.<\/strong><\/p>\n<p>[gravityform id=\u00a0\u00bb5&Prime; title=\u00a0\u00bbtrue\u00a0\u00bb description=\u00a0\u00bbfalse\u00a0\u00bb]<\/p>\n<p>&nbsp;<\/p>\n","protected":false},"excerpt":{"rendered":"<p>I-GALLERY &#8211; 12, rue Durantin 75018 Paris pr\u00e9sente\u00a0 Anna Filimonova \u00ab La Normandie : mon atelier de peinture\u00a0en plein air \u00bb Anna Filimonova pr\u00e9sente Fourges, ses paysages et le Concours\u00a0International de peinture en plein air sur grand format en Normandie. &hellip; <a href=\"https:\/\/galeriedeparis.fr\/afcc\/?page_id=477\">Continuer la lecture <span class=\"meta-nav\">&rarr;<\/span><\/a><\/p>\n","protected":false},"author":1,"featured_media":0,"parent":473,"menu_order":0,"comment_status":"closed","ping_status":"closed","template":"onecolumn-page.php","meta":[],"_links":{"self":[{"href":"https:\/\/galeriedeparis.fr\/afcc\/index.php?rest_route=\/wp\/v2\/pages\/477"}],"collection":[{"href":"https:\/\/galeriedeparis.fr\/afcc\/index.php?rest_route=\/wp\/v2\/pages"}],"about":[{"href":"https:\/\/galeriedeparis.fr\/afcc\/index.php?rest_route=\/wp\/v2\/types\/page"}],"author":[{"embeddable":true,"href":"https:\/\/galeriedeparis.fr\/afcc\/index.php?rest_route=\/wp\/v2\/users\/1"}],"replies":[{"embeddable":true,"href":"https:\/\/galeriedeparis.fr\/afcc\/index.php?rest_route=%2Fwp%2Fv2%2Fcomments&post=477"}],"version-history":[{"count":8,"href":"https:\/\/galeriedeparis.fr\/afcc\/index.php?rest_route=\/wp\/v2\/pages\/477\/revisions"}],"predecessor-version":[{"id":491,"href":"https:\/\/galeriedeparis.fr\/afcc\/index.php?rest_route=\/wp\/v2\/pages\/477\/revisions\/491"}],"up":[{"embeddable":true,"href":"https:\/\/galeriedeparis.fr\/afcc\/index.php?rest_route=\/wp\/v2\/pages\/473"}],"wp:attachment":[{"href":"https:\/\/galeriedeparis.fr\/afcc\/index.php?rest_route=%2Fwp%2Fv2%2Fmedia&parent=477"}],"curies":[{"name":"wp","href":"https:\/\/api.w.org\/{rel}","templated":true}]}}