{"id":1167,"date":"2013-10-03T16:44:58","date_gmt":"2013-10-03T15:44:58","guid":{"rendered":"http:\/\/galeriedeparis.fr\/wp3_af\/?page_id=1167"},"modified":"2021-07-30T17:09:43","modified_gmt":"2021-07-30T16:09:43","slug":"anna-filimonova-artiste-peintre-de-saint-petersbourg","status":"publish","type":"page","link":"https:\/\/galeriedeparis.fr\/wp3_af\/?page_id=1167","title":{"rendered":"Biographie &#038; co"},"content":{"rendered":"<h2><\/h2>\n<figure id=\"attachment_1920\" aria-describedby=\"caption-attachment-1920\" style=\"width: 300px\" class=\"wp-caption alignleft\"><a href=\"https:\/\/galeriedeparis.fr\/wp3_af\/wp-content\/uploads\/2013\/10\/AnnaFilimonovaOpera@Boris.GuesseldecouoBD.png\"><img loading=\"lazy\" decoding=\"async\" class=\"size-medium wp-image-1920\" src=\"https:\/\/galeriedeparis.fr\/wp3_af\/wp-content\/uploads\/2013\/10\/AnnaFilimonovaOpera@Boris.GuesseldecouoBD-300x215.png\" alt=\"\" width=\"300\" height=\"215\" srcset=\"https:\/\/galeriedeparis.fr\/wp3_af\/wp-content\/uploads\/2013\/10\/AnnaFilimonovaOpera@Boris.GuesseldecouoBD-300x215.png 300w, https:\/\/galeriedeparis.fr\/wp3_af\/wp-content\/uploads\/2013\/10\/AnnaFilimonovaOpera@Boris.GuesseldecouoBD-420x300.png 420w, https:\/\/galeriedeparis.fr\/wp3_af\/wp-content\/uploads\/2013\/10\/AnnaFilimonovaOpera@Boris.GuesseldecouoBD.png 737w\" sizes=\"auto, (max-width: 300px) 100vw, 300px\" \/><\/a><figcaption id=\"caption-attachment-1920\" class=\"wp-caption-text\">Anna Filimonova \u00a9Boris Guessel<\/figcaption><\/figure>\n<h2><em><strong>Anna Filimonova<\/strong> est n\u00e9e \u00e0 Saint-P\u00e9tersbourg, elle est dipl\u00f4m\u00e9e en peinture <\/em><em>en 1991 \u00e0 l<strong>\u2019Acad\u00e9mie des Beaux-Arts de la ville ( Institut Ilya Repine)<\/strong>. En 1992, elle s\u2019installe \u00e0 Paris et continue ses \u00e9tudes en tant que <strong>Boursi\u00e8re du Gouvernement Fran\u00e7ais<\/strong>,\u00a0 elle perfectionne sa formation post-dipl\u00f4me \u00e0 l<strong>\u2019\u00c9cole du Louvre<\/strong>\u00a0 et devient en 1995 titulaire d&rsquo;un DEA de Philosophie de l&rsquo;Art \u00e0 <strong>l&rsquo;Universit\u00e9 Paris I Sorbonne.\u00a0 <\/strong>Depuis 1992, en plus de la peinture, elle organise de nombreux \u00e9v\u00e9nements culturels internationaux : expositions, colloques, concerts, voyages et \u00e9changes culturels \u2026A ce titre elle a fond\u00e9 en 2000 l&rsquo;association <a href=\"http:\/\/www.festival-cultures-croisees.eu\">\u00ab\u00a0Festival Cultures Crois\u00e9es\u00a0\u00bb <\/a>qu&rsquo;elle anime et avec laquelle elle produit nombre d&rsquo;\u00e9venements internationaux.<br \/>\nParvenant \u00e0 allier deux carri\u00e8res parall\u00e8les mais compl\u00e9mentaires, Anna Filimonova est un peintre infatigable et souvent itin\u00e9rant.<\/em><\/h2>\n<p><em><strong>Affili\u00e9e \u00e0 la Maison des artistes, elle est membre de la Fondation Taylor<\/strong>, <strong>soci\u00e9taire<\/strong>\u00a0 de la <strong>Soci\u00e9t\u00e9 Nationale des Beaux Arts\u00a0 et du Salon d&rsquo;Automne,<\/strong><br \/>\ntous les ans \u00e0 partir de 2006 elle expose\u00a0 au\u00a0<strong> Grand Palais \u00e0 l&rsquo;ART-en-CAPITAL <\/strong>d&rsquo;abord au sein du Groupe de la SNBA et au sein du Salon du Dessin et de\u00a0 la Peinture \u00e0 l&rsquo;Eau.<\/em><\/p>\n<p>En plus de la France, elle expose reguli\u00e8rement au Japon, en Chine, aux Etats Unis,<\/p>\n<h1>Collections publiques\u00a0 :<\/h1>\n<p><em>Ses \u0153uvres se trouvent dans de nombreuses collections publiques notamment dans le <a href=\"https:\/\/www.youtube.com\/watch?v=0QNgW70HV7w\" target=\"_blank\" rel=\"noopener\">Mus\u00e9e de la Citadelle de Calvi<\/a>, <a href=\"http:\/\/www.tenshin.museum.ibk.ed.jp\/07_english\/index.html\" target=\"_blank\" rel=\"noopener\">auTenshin Museum of Art au Japon<\/a>, au mus\u00e9e de Shangjin, district de Yunxid, aux collections municipales des villes de de S\u00e8te, <a href=\"https:\/\/mediatheque.ville-gardanne.fr\/\" target=\"_blank\" rel=\"noopener\">de Gardanne,<\/a> de Pont-de-Claix, de Bad Kissinger ( Allemagne) ains qu&rsquo; dans son pays natale au Mus\u00e9e de l\u2019Acad\u00e9mie Waganova \u00e0 Saint-P\u00e9tersbourg et dans le Centre Mus\u00e9al des expositions\u00a0 \u00ab\u00a0Peintre de Saint-P\u00e9tersbourg\u00a0\u00bb et dans des nombreuses collections priv\u00e9es.<\/em><\/p>\n<h2><strong>Anna Filimonova\u00a0 vue par \u00ab\u00a0Univers des Arts\u00a0\u00bb<\/strong><em>&#8230;<br \/>\n<\/em><\/h2>\n<p><em>\/.. Dans ses tableaux, Anna Filimonova s&rsquo;efforce de traduire non seulement le lieu, mais aussi et peut-\u00eatre surtout, l&rsquo;atmosph\u00e8re qui y r\u00e8gne et qui l&rsquo;a s\u00e9duite. C&rsquo;est pour cela qu&rsquo;elle \u00e9prouve l&rsquo;imp\u00e9rieuse n\u00e9cessit\u00e9 de peindre en plein air, de ressentir les bruits et les gens qui passent, l&rsquo;ambiance de la rue, m\u00eame si elle finit ses toiles ou ses papiers dans le calme de son atelier, habit\u00e9e par ses souvenirs et ses visions. <\/em><\/p>\n<p style=\"text-align: right;\"><em>\u00a0\u00a0\u00a0\u00a0\u00a0\u00a0\u00a0\u00a0\u00a0\u00a0\u00a0\u00a0\u00a0\u00a0\u00a0\u00a0\u00a0\u00a0\u00a0\u00a0\u00a0\u00a0\u00a0\u00a0\u00a0\u00a0\u00a0\u00a0\u00a0\u00a0\u00a0\u00a0\u00a0\u00a0\u00a0\u00a0\u00a0\u00a0\u00a0\u00a0\u00a0\u00a0\u00a0\u00a0\u00a0\u00a0\u00a0\u00a0\u00a0\u00a0\u00a0\u00a0\u00a0\u00a0\u00a0\u00a0\u00a0\u00a0\u00a0\u00a0\u00a0\u00a0\u00a0\u00a0\u00a0\u00a0\u00a0\u00a0\u00a0\u00a0\u00a0\u00a0\u00a0\u00a0\u00a0\u00a0\u00a0\u00a0\u00a0\u00a0\u00a0\u00a0\u00a0\u00a0\u00a0\u00a0\u00a0\u00a0\u00a0\u00a0 &#8230; \/ &#8230;\u00a0 <\/em><strong>Patrice de la Perri\u00e8re r\u00e9dacteur en chef du magasine<\/strong><\/p>\n<h2>Expositions personnelles :<\/h2>\n<p>2019. <strong>Invit\u00e9e d&rsquo;honneur<\/strong> \u00e0 Bougival Fondation Bhttps:\/\/www.chateauvillandry.fr\/ouzemont, \u00e0 l&rsquo; exposition \u00ab\u00a0La musique en couleurs\u00a0\u00bb. <strong>Exposition\u00a0 personnellle au Centre<a href=\"http:\/\/www.piter-art.com\/\" target=\"_blank\" rel=\"noopener\"> Mus\u00e9el \u00ab\u00a0Peintre de St P\u00e9tersbourg\u00a0\u00bb<\/a><\/strong> lors du Forum International culturel, \u00a0\u00bb Jardins de France\u00a0\u00bb\u00a0 Mus\u00e9e M\u00e9morial de L\u00e9on Tolstoi \u00ab\u00a0Yasnaya Poliana\u00a0\u00bb, Tula, Russie, Mus\u00e9e de Bogorodisk, Russie<br \/>\n2018\u00a0 <strong>R\u00e9sidence artistique en Chine<\/strong>,\u00a0 Xi&rsquo;An et province Hubei, Yun-xi, 2 Oeuvres conserv\u00e9es au nouveau mus\u00e9e de Shangjin, <strong>\u00ab\u00a0Les Couleurs de la Musique\u00a0\u00bb,<\/strong> Espace \u00ab\u00a0Ada\u00a0\u00bb Nancy ( villiers-les-Nancy), Mus\u00e9e-Domaine F\u00e9d\u00e9ral \u00ab\u00a0Tsaritsyno\u00a0\u00bb , Moscou<br \/>\n<strong>\u00a0\u00bb Aux jardins de France\u00a0\u00bb<\/strong> Officie du Tourisme de Sancerre,<br \/>\n<strong>\u00a0\u00bb Villandry au coeur des jardins de France,<a href=\"https:\/\/www.chateauvillandry.fr\/\" target=\"_blank\" rel=\"noopener\"> Ch\u00e2teau de Villandry<\/a><\/strong> ( Inde et Loire)<br \/>\n2016, 2014, 2015, 2016, 2013 , 2011 &#8211;\u00a0<strong> I-Gallery,<\/strong>\u00a0 (Paris) sur\u00a0 plusieurs th\u00e8mes de \u00ab Carnets de voyages\u00bb, \u00ab\u00a0Jardins de France\u00a0\u00bb, \u00a0\u00bb Portraits de Paris \u00ab\u00a0, \u00ab\u00a0Les couleurs de la musique\u00a0\u00bb,\u00a0 \u00ab\u00a0Ma Normandie\u00a0\u00bb<br \/>\n2015\u00a0 <strong>Invit\u00e9e d&rsquo;honneur<\/strong> du 13eme Salon de peinture et sculpture de Bray-et-Lu (95)<br \/>\n2008-2016 I-Galerie,<br \/>\n2010 &#8211; <strong>Joutes de S\u00e8te,<\/strong> exposition Municipale dans le cadre de la\u00a0 F\u00eate de la Saint-Louis<br \/>\n2009\/07 &#8211; <strong>Artiste en R\u00e9sidence sur le Toit de la Grande Arche<\/strong> de la D\u00e9fense<br \/>\n2006<b> &#8211; Espace \u00ab\u00a0Art et Libert\u00e9\u00a0\u00bb<\/b>, <strong>D\u00e9tours en Ile-de-France,<\/strong> Charenton-le-Pont<br \/>\n2006<b> &#8211; <\/b>Invit\u00e9e d\u2019Honneur du \u00ab\u00a0<strong>Salon des cr\u00e9ateurs de Provins,\u00a0\u00bb <\/strong>Provins<br \/>\n2005<b> &#8211; \u00ab\u00a0<\/b><strong>Champs des coquelicots de la Chatonni\u00e8re\u00a0\u00bb, Ch\u00e2teau de la Chatonni\u00e8re <\/strong>Azay-le-Rideau<br \/>\n2003<b> &#8211; <\/b><strong>10 ans de Paris \u00e0 Saint-P\u00e9tersbourg avec amour,<\/strong><br \/>\nSaint-P\u00e9tersbourg dans le cadre du Tricentenaire de la ville.<br \/>\n2001<b> &#8211; <\/b><strong>In the Park, Fukuoka, <\/strong>Japon<br \/>\n2001<b> &#8211;<\/b> <strong>Les Amours urbaines, <\/strong>Mairie du V<sup>e<\/sup> Arrondissement Paris<br \/>\n2000<b> &#8211; <\/b><strong>Aux confins de l&rsquo;univers,<\/strong> Espace Saint-Martin Paris<br \/>\n2098<b> &#8211; <\/b><strong>Gare de Lyon Salon Euraffaires, Ecole Berlitz, <\/strong>Paris<br \/>\n1997 &#8211; <strong>Galerie L&rsquo;Atelier, <\/strong>Toulouse,<br \/>\n1997 &#8211;<b>Chambre de Commerce de Toulouse<\/b> patronn\u00e9e par <b>AIDEC<br \/>\n<\/b>(Association de d\u00e9cloisonnement de l\u2019Economie et de la Culture)<br \/>\n1996 &#8211; \u00ab\u00a0Cultures Crois\u00e9es\u00a0\u00bb, <b>Fondation de l\u2019A\u00e9roport de Paris Orly<br \/>\n<\/b>1995<b> &#8211; <\/b><strong>Galerie AJIF, <\/strong>Paris<br \/>\n1993 &#8211; <strong>Galerie Fran\u00e7ois Miron,<\/strong> Paris<br \/>\n1993 &#8211;<strong>Cit\u00e9 Internationale des Arts, <\/strong>Paris<br \/>\n1992 &#8211; <strong>Association Jardin d\u2019\u00e9t\u00e9,<\/strong> <b>Palais de Marbre Saint-P\u00e9tersbourg<br \/>\n<\/b>1987 &#8211; <strong>Th\u00e9\u00e2tre Mariinsky \u00e0 l&rsquo;\u00e9poque Kirov : <\/strong>dans les coulisses de l&rsquo;Op\u00e9ra, Saint-P\u00e9tersbourg<\/p>\n<h1>Principales expositions collectives :<\/h1>\n<p>2020 <strong>Salon d&rsquo;Automne, Salon Art Capital,<\/strong> Cheffe de de la D\u00e9l\u00e9gation de la F\u00e9deraion de Russie,<br \/>\n2019 Mus\u00e9e\u00a0 du Xi\u2019An La Chine avec la s\u00e9l\u00e9ction Salon d&rsquo;Automne<br \/>\n2018.\u00a0 Selectionn\u00e9e pour le<strong> Prix de Barbizon Academie Boitat\u00a0 Le CAEA<br \/>\n<\/strong>2005-2020 participation\u00a0 Art Capital 2018 , 2017, 2016<br \/>\n2018 octobre-novembre R\u00e9sidence artistique en Chine,\u00a0 Xi&rsquo;An et province Hubei, Yun-xi, d\u00eapot d&rsquo;une \u0153uvre au nouveau mus\u00e9e de Shangjin, Salon International de TOKYO,<br \/>\n2005-2018 reguli\u00e8re <b>Art en Capital<\/b>, Grand Palais,\u00a0 ( Aux Artistes Fran\u00e7ais et au Dessin et la peinture \u00e0 l&rsquo;eau) , Salon d&rsquo;Automne, Champs-Elys\u00e9es, Tokyo Salon International Ginza, <a href=\"https:\/\/www.ohara.or.jp\/\" target=\"_blank\" rel=\"noopener\">Mus\u00e9e OHARA de Kurashiki Japon<\/a><br \/>\n2014, 2015, 2016\u00a0 Salon de Saint-Marcel, dans l&rsquo;Eure;<br \/>\n2013\u00a0 Mus\u00e9e de Kurasiki avec SNBA, Japon<br \/>\n2011 &#8211; <strong>30\u00a0 Ans de l\u2019IMA UNESCO,<\/strong> 2011 \u00abWeek-end \u00e0 Paris\u00a0\u00bb Saint-P\u00e9tersbourg,\u00a0 2005-2016 Paris, <b>SNBA<\/b>, Salon de la Soci\u00e9t\u00e9 Nationale des Beaux-Arts, Carrousel du Louvre, Paris,<br \/>\n2009, 2013, <strong>Salon National des Arm\u00e9es, Les Invalides,<\/strong><br \/>\n2008 <b>France-Japon 08<\/b>, Salon international de Paris et concours des artistes japonais au Mus\u00e9e des Collections Priv\u00e9es, Paris \/ <b>International modern art exhibition 34<sup>th<\/sup><\/b>, IMA, Tokyo, \/ <b>Entre Ciel et Terre<\/b>,\u00a0 avec la SNBA, mus\u00e9e des Beaux-Arts Tenshin, Japon \/ <b>Peintres russes de Montmartre<\/b> au centre de Russie pour la Science et la Culture \/ <b>Biennale de la r\u00e9publique de Montmartre.Art en Capital<\/b>, Grand Palais, Paris,<br \/>\n<b>Salon des artistes du 9e<\/b>, Mairie du 9<sup>e<\/sup>, Mairie du 9e\u00a0 <b>Salon d\u2019Automne<\/b>,<\/p>\n<p><b>2009 Biennale de la palette pointe et burin<\/b> de la R\u00e9publique de Montmartre \/ <b>Paris\u2026 Passion d\u2019Artistes<\/b>, 9 artistes de Paris \u00e0 la Mairie du 9e \/ <b>Galerie de Paris<\/b> \/ <b>Galerie de Linda Woodall, <\/b>Tennessee,<br \/>\n2002<b> &#8211; <\/b><strong>Les Artistes aident la recherche, <\/strong>Salon de l&rsquo;Institut Pasteur<br \/>\n1998 &#8211; Salons du Lions Club de <b>Saint-Denis Basilique<\/b> et de <b>Fontenay-sous-Bois<\/b>, <i>Prix de Jury<\/i> \/ <b>Salon de printemps<\/b>, <i>Prix de Barbizon<\/i> \/ <b>VLG<\/b>, <b>Salon automnal de Saint-P\u00e9tersbourg<\/b>, Centre Culturel Russe, Paris \/ Trois \u00e9ditions du <b>Festival des arts Slaves<\/b> \/ Rencontres en F\u00e9vrier \/ Galerie Fayla Bruxelles \/ Salon de Printemps de Villeneuve-la-Garenne. UNESCO, Peintre de Russie en France Paris. Salon des \u0153uvres sur papier, Villeneuve-la-Garenne.<br \/>\n1994 &#8211; <strong>Les Artistes de Russie \u00e0 la Cit\u00e9 des Arts, <\/strong>Paris \/ <b>Salon d\u2019Automne<\/b>, Saint-P\u00e9tersbourg \/ <b>Salon des Arts<\/b>, Montrouge \/ <b>Galerie Devteris<\/b>, Patras<br \/>\n1993 &#8211; <strong>Art-Transit, exposition itin\u00e9rante, <\/strong>Espace International Jean Monnet, Paris.<br \/>\n1993 &#8211; <strong>140 artistes de 38 pays, Cit\u00e9 des Arts, <\/strong>Paris \/ <b>Artistes du Monde<\/b>, Galerie Bernanos \/ <b>Ville dans Paris<\/b> &#8211; 13e , D\u00e9l\u00e9gation \u00e0 l\u2019Action Artistique de Paris.<br \/>\n1992 &#8211; <strong>Art-Transit, itin\u00e9rante, <\/strong>Gardanne, Bouche du Rh\u00f4ne, Pont de Claix \/ <b>La Rue des Francs-Bourgeois, Paris<\/b> \/ <b>ALFINIAN <\/b>Palais de Marbre, Saint-P\u00e9tersbourg \/<\/p>\n<h1>Commandes :<\/h1>\n<p>2018\u00a0 \u00a0\u00bb Paysage du Ch\u00e2teau d&rsquo;Ainay-le-Vieil\u00a0\u00bb<\/p>\n<p>2010 &#8211; Cr\u00e9ation d\u2019une toile\u00a0 <strong>\u00ab Eglise Saint-Louis des Invalides\u00a0\u00bb<\/strong><br \/>\nsur la commande du G\u00e9n\u00e9ral Dary pour ARCAT, H\u00f4tel National des Invalides.<\/p>\n<p>2008 &#8211; Cr\u00e9ation de multiple pour <strong>Sekom Voyage Allemagne<\/strong>.<\/p>\n<p>2008-10 &#8211; Cr\u00e9ation des Power-Points pour <strong>ICN-Business School.<\/strong><\/p>\n<p>2005 &#8211; Cr\u00e9ation de l&rsquo;<strong>enseigne de la Galerie de Paris,<\/strong><br \/>\nde son identit\u00e9 visuelle et support de communication<\/p>\n<p>2003 &#8211; Cr\u00e9ation du logo du s\u00e9minaire des financiers de la <strong>Compagnie <\/strong><br \/>\n<strong>de Saint-Gobain \u00e0 Saint-P\u00e9tersbourg<\/strong><\/p>\n<p>1997 &#8211; D\u00e9cor de pr\u00e9sentation du rapport de l&rsquo;Assembl\u00e9e G\u00e9n\u00e9rale de TPIF Paris<\/p>\n<p>1995 &#8211; On Line International, APAME, Cartes de v\u0153ux \/ JMC Consultants,<br \/>\ns\u00e9rie sur papier \u00ab\u00a0Cultures crois\u00e9es\u00a0\u00bb<\/p>\n<p>1993 &#8211; Panneaux d\u00e9coratifs pour la <strong>D\u00e9l\u00e9gation \u00e0 l\u2019Action Artistique Paris<\/strong><\/p>\n<p>1991 &#8211; <strong>Portraits des artistes du Th\u00e9\u00e2tre Kirov<\/strong> de Saint-P\u00e9tersbourg<\/p>\n<h1>Commissariat \u00a0et production d\u2019expositions\u00a0;<\/h1>\n<p>1992\/93 &#8211; <strong>Commissaire-adjointe d\u2019 Art-Transit,\u00a0<\/strong> Gardanne, Pont de Claix, Paris<\/p>\n<p>2006 &#8211; <strong>Commissaire de \u00abParis \u2013 Passion d\u2019Artistes\u00bb,<\/strong> Mairie du 9<sup>e<\/sup>, Paris<\/p>\n<p>2008 &#8211; <strong>Commissaire et productrice \u00abFrance-Japon \u2013 Regard Crois\u00e9e\u00bb,<\/strong><br \/>\nMairie du 9<sup> e<\/sup> , Maison de Bretagne, Paris \u2013<br \/>\ndans le cadre de l\u2019ann\u00e9e de 150 anniversaire des relations franco-japonaises.<\/p>\n<p>2009 &#8211; <strong>Commissaire \u00abAkagi connu et inconnu\u00a0\u00bb,<\/strong> Mairie du 5<sup> e<\/sup> , Paris<\/p>\n<p>2010 &#8211; <strong>Commissaire \u00abGrandes-Signatures \u2013Petits Formats\u00bb,<\/strong> dans le cadre de l\u2019Ann\u00e9e France-Russie Mairie du 9<sup> e<\/sup>, Paris.<\/p>\n<p>2011 &#8211; <strong>Commissaire \u00ab\u00a030 ans de International Modern Artists Association\u00a0\u00bb<\/strong> (IMA, JAPON), Paris, Si\u00e8ge de l\u2019UNESCO<\/p>\n<p><strong>Conf\u00e9rences :<\/strong><\/p>\n<p>2007\/11 &#8211; <strong>Professeur Invit\u00e9e \u00e0 l&rsquo;ICN Business School,<\/strong> Nancy, conf\u00e9rences dans le cadre d&rsquo;ARTEM : \u00abArt Sciences Business en Russie\u00bb<\/p>\n<h1><strong>Publications &#8211; m\u00e9dias :<\/strong><\/h1>\n<p>2018-\u00a0 <strong>\u00ab\u00a0Villandry au c\u0153ur des jardins de France\u00a0\u00bb<\/strong> et <strong>\u00ab\u00a0\u041f\u0440\u043e\u0433\u0443\u043b\u043a\u0430 \u043f\u043e \u0438\u0441\u0442\u043e\u0440\u0438\u0447\u0435\u0441\u043a\u0438\u043c \u0441\u0430\u0434\u0430\u043c \u0424\u0440\u0430\u043d\u0446\u0438\u0438\u00a0\u00bb\u00a0<\/strong> 2 brochures de 8 pages\u00a0 en fran\u00e7ais et en russe avec pr\u00e9face de Henri Carvallo, Marie-Sol de la Tour d&rsquo;Auvergne, Elisabeta Fokina \u00e0 l&rsquo;occasion de l&rsquo;exposition au ch\u00e2teau de Villandry et au Mus\u00e9e Domaine Tsaritsyno \u00e0 Moscou.<\/p>\n<p><a href=\"http:\/\/: https:\/\/galeriedeparis.fr\/wp3_af\/?p=2220\" target=\"_blank\" rel=\"noopener\">Interview \u00e0 la radio <strong>\u00ab\u00a0Petersbourg\u00a0\u00bb<\/strong> par Ekaterina Khomtchuk<\/a><\/p>\n<p>Interview \u00e0 la radio France Bleu Normandie, Radio Espace, Radio de Nancy<\/p>\n<p>2016 <strong>\u00ab\u00a0Carnets des voyages r\u00e9cents\u00a0\u00bb-<\/strong>brochure de 8 pages avec pr\u00e9face\u00a0 de Nicole Lamothe<br \/>\n2015 <strong>\u00a0\u00bb Au Jardin de France \u00ab\u00a0<\/strong> brochure de 8 pages avec pr\u00e9face de Jeean-Louis Sureau, B\u00e9atrice de Andia, Marie-Sol de la Tour d&rsquo;Auvergne<\/p>\n<p>2013<strong> \u00a0\u00bb Paris d&rsquo;Anna\u00a0\u00bb\u00a0<\/strong> &#8211; brochure de 8 pages \u0153uvres des ann\u00e9es diff\u00e9rentes sur le th\u00e8me de Paris<\/p>\n<p>2011 <strong>\u00a0\u00bb Week-end \u00e0 Paris\u00a0\u00bb <\/strong>brochure de 8 pages\u00a0 en russe \u00e0 l&rsquo;occasion de l&rsquo;exposition \u00e0 la galerie St&rsquo;art Saint -Petersbourg<\/p>\n<p>2005 &#8211; Catalogue de l\u2019exposition <strong>\u00ab Aux Confins de l\u2019Univers \u00bb<\/strong>, \u00e9dition \u00ab crossline.com \u00bb<\/p>\n<p>2006 &#8211; Catalogue pour l\u2019exposition <strong><em>\u00ab 10 ans \u00e0 Paris \u00e0 Saint-P\u00e9tersbourg \u00bb<\/em><\/strong>, \u00e9dition AFCC<\/p>\n<p>1995 &#8211; <em><strong>L\u2019\u00e9cho de Russie et de L\u2019Est :<\/strong><\/em> articles sur les aspects culturels de la Russie<br \/>\nPost-Perestro\u00efka<\/p>\n<p>2004\/05 &#8211;\u00a0 <em><strong>Art &amp; Times :<\/strong> <\/em>bimestriel d\u2019Art de Saint-P\u00e9tersbourg, reportages publi\u00e9s sur<br \/>\nla FIAC, <i>Art-Paris<\/i>, expositions sur Edith Piaf \u00e0 la Mairie de Paris, Marl\u00e8ne Dietrich au Palais Galliera\u2026<\/p>\n<p>1992\/06 &#8211; Interviews sur <strong>\u00ab France Culture \u00bb<\/strong>, TF1 JT de 13h, JT de France 3, Radio Marie, Radio Russie, Interviews dans Arguments et Faits, Critique sur le travail artistique parues dans <i>Univers des Arts<\/i>, <i>Figaro Madame<\/i>, <i>Femina<\/i>, <i>Pens\u00e9e russe<\/i>, <i>Saint-P\u00e9tersbourg du Soir<\/i>, <i>Figaro Magazine<\/i>&#8230;<\/p>\n<h1>Formation :<\/h1>\n<p>1995 &#8211; <strong>Universit\u00e9 Paris I, Sorbonne Paris,<\/strong><br \/>\nPhilosophie de l\u2019Art, DEA avec mention tr\u00e8s bien<\/p>\n<p>1993\/92 &#8211; <strong>Ecole du Louvre,<\/strong> perfectionnement post-dipl\u00f4me avec une Bourse du gouvernement Fran\u00e7ais, et S\u00e9jour \u00e0 La Cit\u00e9 Internationale des Arts, Paris<\/p>\n<p>1991 &#8211; <strong>Acad\u00e9mie des Beaux-Arts de Saint-P\u00e9tersbourg, <\/strong>Russie.<br \/>\nDipl\u00f4me d\u2019artiste peintre, Russie<\/p>\n<p>1989 &#8211; <strong>Ecole d\u2019Etat du Tourisme Etranger<\/strong> \u00e0 Saint-P\u00e9tersbourg, Dipl\u00f4me de Conf\u00e9rencier des Mus\u00e9es Nationaux et Guide-Interpr\u00e8te Fran\u00e7ais \/ Russe<\/p>\n<h1>Lieux d&rsquo;expositions permanentes et Internet :<\/h1>\n<p><b>Galerie de Linda Woodall, <\/b>Tennessee USA, <a title=\"Linda Wooddall\" href=\"http:\/\/www.crossline.com\/lindawoodall\/\" target=\"_blank\" rel=\"noopener noreferrer\">http:\/\/www.crossline.com\/lindawoodall\/<\/a><\/p>\n<p>Sur la toile : la Galerie de Paris : <a href=\"http:\/\/www.galeriedeparis.fr\/\">http:\/\/www.galeriedeparis.fr\/<\/a><\/p>\n<p>Activit\u00e9 associative de promotion culturelle http:\/\/www.festival-cultures-croisees.eu<\/p>\n<p>Site officiel d&rsquo;Anna Filimonova <a href=\"http:\/\/www.filimonova.com\/\">http:\/\/www.filimonova.com\/<\/a><br \/>\nFacebook : http:\/\/fr-fr.facebook.com\/people\/Anna-Filimonova\/695023290<\/p>\n<p><strong>\u00a0<\/strong><\/p>\n<h1>A<\/h1>\n","protected":false},"excerpt":{"rendered":"<p>Anna Filimonova est n\u00e9e \u00e0 Saint-P\u00e9tersbourg, elle est dipl\u00f4m\u00e9e en peinture en 1991 \u00e0 l\u2019Acad\u00e9mie des Beaux-Arts de la ville ( Institut Ilya Repine). En 1992, elle s\u2019installe \u00e0 Paris et continue ses \u00e9tudes en tant que Boursi\u00e8re du Gouvernement Fran\u00e7ais,\u00a0 elle perfectionne sa formation post-dipl\u00f4me \u00e0 l\u2019\u00c9cole du Louvre\u00a0 et devient en 1995 titulaire &hellip; <\/p>\n<p class=\"link-more\"><a href=\"https:\/\/galeriedeparis.fr\/wp3_af\/?page_id=1167\" class=\"more-link\">Continuer la lecture<span class=\"screen-reader-text\"> de &laquo;&nbsp;Biographie &#038; co&nbsp;&raquo;<\/span><\/a><\/p>\n","protected":false},"author":1,"featured_media":0,"parent":0,"menu_order":0,"comment_status":"open","ping_status":"open","template":"","meta":{"footnotes":""},"class_list":["post-1167","page","type-page","status-publish","hentry"],"_links":{"self":[{"href":"https:\/\/galeriedeparis.fr\/wp3_af\/index.php?rest_route=\/wp\/v2\/pages\/1167","targetHints":{"allow":["GET"]}}],"collection":[{"href":"https:\/\/galeriedeparis.fr\/wp3_af\/index.php?rest_route=\/wp\/v2\/pages"}],"about":[{"href":"https:\/\/galeriedeparis.fr\/wp3_af\/index.php?rest_route=\/wp\/v2\/types\/page"}],"author":[{"embeddable":true,"href":"https:\/\/galeriedeparis.fr\/wp3_af\/index.php?rest_route=\/wp\/v2\/users\/1"}],"replies":[{"embeddable":true,"href":"https:\/\/galeriedeparis.fr\/wp3_af\/index.php?rest_route=%2Fwp%2Fv2%2Fcomments&post=1167"}],"version-history":[{"count":44,"href":"https:\/\/galeriedeparis.fr\/wp3_af\/index.php?rest_route=\/wp\/v2\/pages\/1167\/revisions"}],"predecessor-version":[{"id":2920,"href":"https:\/\/galeriedeparis.fr\/wp3_af\/index.php?rest_route=\/wp\/v2\/pages\/1167\/revisions\/2920"}],"wp:attachment":[{"href":"https:\/\/galeriedeparis.fr\/wp3_af\/index.php?rest_route=%2Fwp%2Fv2%2Fmedia&parent=1167"}],"curies":[{"name":"wp","href":"https:\/\/api.w.org\/{rel}","templated":true}]}}